{"id":7,"date":"2017-01-08T12:33:32","date_gmt":"2017-01-08T11:33:32","guid":{"rendered":"http:\/\/code78.de\/blog\/?page_id=7"},"modified":"2026-03-08T12:03:25","modified_gmt":"2026-03-08T11:03:25","slug":"impressum","status":"publish","type":"page","link":"https:\/\/code78.de\/blog\/impressum\/","title":{"rendered":"Impressum"},"content":{"rendered":"<div id=\"pl-7\" class=\"panel-layout\">\n<div id=\"pg-7-0\" class=\"panel-grid panel-has-style\" data-style=\"{&quot;id&quot;:&quot;impressum&quot;,&quot;background_display&quot;:&quot;tile&quot;,&quot;row_stretch&quot;:&quot;full&quot;}\">\n<div id=\"impressum\" class=\"siteorigin-panels-stretch panel-row-style panel-row-style-for-7-0\" data-stretch-type=\"full\">\n<div id=\"pgc-7-0-0\" class=\"panel-grid-cell\" data-weight=\"0.333333333333\">\n<div id=\"panel-7-0-0-0\" class=\"so-panel widget widget_sow-editor panel-first-child panel-last-child\" data-index=\"0\" data-style=\"{&quot;background_display&quot;:&quot;tile&quot;}\">\n<div class=\"so-widget-sow-editor so-widget-sow-editor-base\">\n<h2 class=\"widget-title\">Anbieter<\/h2>\n<div class=\"siteorigin-widget-tinymce textwidget\">\n<h3><strong>Angaben gem\u00e4\u00df \u00a75 TMG<\/strong><\/h3>\n<address>Heidi Sch\u00f6nenberg-Hausdorf<br \/>\nHolsterhauser Str. 56<br \/>\n45147 Essen<\/address>\n<h3><strong>Kontakt<\/strong><\/h3>\n<address>eMail: heidi+blog[at]code78[dot]de<br \/>\nTelefon: 0179 &#8211; 888 73 55<\/address>\n<\/div>\n<\/div>\n<\/div>\n<\/div>\n<div id=\"pgc-7-0-1\" class=\"panel-grid-cell\" data-weight=\"0.333333333333\">\n<div id=\"panel-7-0-1-0\" class=\"so-panel widget widget_sow-editor panel-first-child panel-last-child\" data-index=\"1\" data-style=\"{&quot;background_display&quot;:&quot;tile&quot;}\">\n<div class=\"so-widget-sow-editor so-widget-sow-editor-base\">\n<h2 class=\"widget-title\">Verantwortlichkeit<\/h2>\n<div class=\"siteorigin-widget-tinymce textwidget\">\n<h3><strong>Verantwortlich f\u00fcr den Inhalt nach \u00a755 Abs.2 RStV:<\/strong><\/h3>\n<p>Heidi Sch\u00f6nenberg-Hausdorf<\/p>\n<\/div>\n<\/div>\n<\/div>\n<\/div>\n<div id=\"pgc-7-0-2\" class=\"panel-grid-cell\" data-weight=\"0.333333333333\">\n<div id=\"panel-7-0-2-0\" class=\"so-panel widget widget_sow-editor panel-first-child panel-last-child\" data-index=\"2\" data-style=\"{&quot;background_display&quot;:&quot;tile&quot;}\">\n<div class=\"so-widget-sow-editor so-widget-sow-editor-base\">\n<h2 class=\"widget-title\">G\u00fcltigkeit<\/h2>\n<div class=\"siteorigin-widget-tinymce textwidget\">Die G\u00fcltigkeit dieses Impressums bezieht sich auf die Websites code78.de und\u00a0 mexikanische-wuerfelbude.de sowie auf die Social Media Kan\u00e4le Facebook, Instagram, YouTube, TikTok, LinkedIn und Pinterest.<\/div>\n<\/div>\n<\/div>\n<\/div>\n<\/div>\n<\/div>\n<\/div>\n","protected":false},"excerpt":{"rendered":"<p>Anbieter Angaben gem\u00e4\u00df \u00a75 TMG Heidi Sch\u00f6nenberg-Hausdorf Holsterhauser Str. 56 45147 Essen Kontakt eMail: heidi+blog[at]code78[dot]de Telefon: 0179 &#8211; 888 73 55 Verantwortlichkeit Verantwortlich f\u00fcr den Inhalt nach \u00a755 Abs.2 RStV: Heidi Sch\u00f6nenberg-Hausdorf G\u00fcltigkeit Die G\u00fcltigkeit dieses Impressums bezieht sich auf die Websites code78.de und\u00a0 mexikanische-wuerfelbude.de sowie auf die Social Media Kan\u00e4le Facebook, Instagram, YouTube, TikTok, [&hellip;]<\/p>\n","protected":false},"author":1,"featured_media":0,"parent":0,"menu_order":0,"comment_status":"closed","ping_status":"closed","template":"","meta":{"_acf_changed":false,"footnotes":""},"class_list":["post-7","page","type-page","status-publish","hentry"],"acf":[],"_links":{"self":[{"href":"https:\/\/code78.de\/blog\/wp-json\/wp\/v2\/pages\/7","targetHints":{"allow":["GET"]}}],"collection":[{"href":"https:\/\/code78.de\/blog\/wp-json\/wp\/v2\/pages"}],"about":[{"href":"https:\/\/code78.de\/blog\/wp-json\/wp\/v2\/types\/page"}],"author":[{"embeddable":true,"href":"https:\/\/code78.de\/blog\/wp-json\/wp\/v2\/users\/1"}],"replies":[{"embeddable":true,"href":"https:\/\/code78.de\/blog\/wp-json\/wp\/v2\/comments?post=7"}],"version-history":[{"count":0,"href":"https:\/\/code78.de\/blog\/wp-json\/wp\/v2\/pages\/7\/revisions"}],"wp:attachment":[{"href":"https:\/\/code78.de\/blog\/wp-json\/wp\/v2\/media?parent=7"}],"curies":[{"name":"wp","href":"https:\/\/api.w.org\/{rel}","templated":true}]}}