{"id":7137,"date":"2025-12-26T17:43:09","date_gmt":"2025-12-26T16:43:09","guid":{"rendered":"https:\/\/code78.de\/blog\/?page_id=7137"},"modified":"2026-03-04T08:36:55","modified_gmt":"2026-03-04T07:36:55","slug":"launchpad","status":"publish","type":"page","link":"https:\/\/code78.de\/blog\/launchpad\/","title":{"rendered":"Launchpad"},"content":{"rendered":"\n<div class=\"lp-wrap\">\n\n  <!-- HERO -->\n  <div class=\"lp-hero\">\n    <p class=\"lp-eyebrow\">code78.de &mdash; Digitale Spielwiese<\/p>\n    <h1 class=\"lp-hero-title\">Launchpad.<br><span>Pixel. Code. Chaos.<span class=\"cursor\"><\/span><\/span><\/h1>\n    <p class=\"lp-hero-desc\">Willkommen in meiner kleinen digitalen Spielwiese \u2013 dem Ort, an dem Pixel und Code aufeinanderprallen und daraus etwas entsteht, das man normalerweise nicht \u201eernsthafte Projekte\u201c nennen w\u00fcrde. Hier findet ihr Miniwebsites, Webapplikationen und allerlei Experimente, die irgendwo zwischen \u201eecht praktisch\u201c und \u201eleicht verr\u00fcckt\u201c balancieren.\n<br \/>\nManche Projekte funktionieren genau so, wie sie sollen. Andere\u2026 nun ja, sagen wir, sie haben Charakter. Aber genau das macht den Reiz aus: Hier gibt es keine langweiligen Baukastenseiten, keine Stock-Templates und schon gar keine hohlen Marketing-Floskeln \u2013 die gibt&#8217;s in meinem Dienstleistungs-Repertoire eh nicht.<\/p>\n  <\/div>\n\n  <hr class=\"lp-divider\">\n  <div class=\"lp-section\">\n\n\n\n    <!-- WEB -->\n    <p class=\"lp-section-label\">Kategorie<\/p>\n    <h2 class=\"lp-section-title\">Mini-Websites<\/h2>\n    <div class=\"lp-cards\">\n      <a href=\"https:\/\/mexikanische-wuerfelbude.de\" class=\"lp-card\">\n        <span class=\"lp-card-tag\"><span class=\"lp-card-tag-dot\"><\/span>Satire<\/span>\n        <div class=\"lp-card-title\">Mexikanische W\u00fcrfelbude<\/div>\n        <p class=\"lp-card-desc\">F\u00fcnf W\u00fcrfel. Keine Logik. Das Luxus-Paradoxon f\u00fcr Social-Media-Menschen.<\/p>\n        <span class=\"lp-bs\">\ud83d\udca3\ud83d\udca3 Bullshit-Faktor<\/span>\n      <\/a>\n\n      <a href=\"https:\/\/code78.de\/blog\/vorpruefverfahren-reformkonformitaet-textbestaende-rechtschreibreform\/\" class=\"lp-card\">\n        <span class=\"lp-card-tag\"><span class=\"lp-card-tag-dot\"><\/span>Satire<\/span>\n        <div class=\"lp-card-title\">Rechtschreibreform 2026<\/div>\n        <p class=\"lp-card-desc\">Vorpr\u00fcfverfahren zur Sicher&shy;stellung der Ein&shy;heit&shy;lich&shy;keit der deutschen Schrift&shy;sprache im digitalen Raum.<\/p>\n        <span class=\"lp-bs\">\ud83d\udca3\ud83d\udca3\ud83d\udca3\ud83d\udca3\ud83d\udca3 Bullshit-Faktor<\/span>\n      <\/a>\n\n      <a href=\"https:\/\/code78.de\/blog\/instabrain\/\" class=\"lp-card\">\n        <span class=\"lp-card-tag\"><span class=\"lp-card-tag-dot\"><\/span>Satire<\/span>\n        <div class=\"lp-card-title\">InstaBrain\u2122 Marketing<\/div>\n        <p class=\"lp-card-desc\">Marketing f\u00fcr das imagin\u00e4re Produkt InstaBrain\u2122. Zu gut, um wahr zu sein.<\/p>\n        <span class=\"lp-bs\">\ud83d\udca3\ud83d\udca3\ud83d\udca3\ud83d\udca3\ud83d\udca3 Bullshit-Faktor<\/span>\n      <\/a>\n\n      <a href=\"https:\/\/code78.de\/blog\/axt-2000-shop\/\" class=\"lp-card\">\n        <span class=\"lp-card-tag\"><span class=\"lp-card-tag-dot\"><\/span>\u201eOnline-Shop\u201c<\/span>\n        <div class=\"lp-card-title\">Axt 2000<\/div>\n        <p class=\"lp-card-desc\">Eine Shop-Simulation mit genau einem Produkt. Die Wahl ist simpel.<\/p>\n        <span class=\"lp-bs\">\ud83d\udca3\ud83d\udca3\ud83d\udca3 Bullshit-Faktor<\/span>\n      <\/a>\n    <\/div>\n\n\n\n     <!-- PORTFOLIO -->\n    <p class=\"lp-section-label\">Kategorie<\/p>\n    <h2 class=\"lp-section-title\">Portfolio<\/h2>\n    <div class=\"lp-cards\">\n\n      <a href=\"https:\/\/code78.de\/\" class=\"lp-card\">\n        <span class=\"lp-card-tag\"><span class=\"lp-card-tag-dot\"><\/span>Portfolio<\/span>\n        <div class=\"lp-card-title\">Portfolio-Seite<\/div>\n        <p class=\"lp-card-desc\">Unabh\u00e4ngig vom Blog. Und ich bin zu faul, alles zu migrieren. Aber hey \u2013 sie existiert.<\/p>\n      <\/a>\n    <\/div>\n\n\n\n    <!-- PORTFOLIO -->\n    <p class=\"lp-section-label\">Kategorie<\/p>\n    <h2 class=\"lp-section-title\">Serien &#038; Reihen<\/h2>\n    <div class=\"lp-cards\">\n\n      <a href=\"https:\/\/code78.de\/blog\/category\/seo-case-study\/\" class=\"lp-card\">\n        <span class=\"lp-card-tag\"><span class=\"lp-card-tag-dot\"><\/span>Case Study<\/span>\n        <div class=\"lp-card-title\">Meine SEO\/GEO Case Study<\/div>\n        <p class=\"lp-card-desc\">Wie ich dieses Blog f\u00fcr Suchmaschinen und KI-Engines optimiere.<\/p>\n      <\/a>\n    <\/div>\n\n\n\n  <!-- SOCIAL MEDIA -->\n    <p class=\"lp-section-label\">Kategorie<\/p>\n    <h2 class=\"lp-section-title\">Social Media<\/h2>\n    <div class=\"lp-cards\">\n\n      <a href=\"https:\/\/code78.de\/blog\/social-media-krisenkommunikation-simulator\/\" class=\"lp-card\">\n        <span class=\"lp-card-tag\"><span class=\"lp-card-tag-dot\"><\/span>Simulation<\/span>\n        <div class=\"lp-card-title\">Krisen&shy;kommunikation<\/div>\n        <p class=\"lp-card-desc\">\u201eReale&#8220; Szenarien, tickende Timer und ein Ziel: Die Reputation des Unternehmens wahren.<\/p>\n      <\/a>\n\n      <a href=\"https:\/\/code78.de\/blog\/linkedin-ipsum-generator\/\" class=\"lp-card\">\n        <span class=\"lp-card-tag\"><span class=\"lp-card-tag-dot\"><\/span>Generator<\/span>\n        <div class=\"lp-card-title\">LinkedIn Ipsum Generator<\/div>\n        <p class=\"lp-card-desc\">Wenn Platzhaltertext auf Corporate Wording trifft.<\/p>\n        <span class=\"lp-bs\">\ud83d\udca3 Bullshit-Faktor<\/span>\n      <\/a>\n\n      <a href=\"https:\/\/code78.de\/blog\/linkedin-buzzword-generator\/\" class=\"lp-card\">\n        <span class=\"lp-card-tag\"><span class=\"lp-card-tag-dot\"><\/span>Buzzwords<\/span>\n        <div class=\"lp-card-title\">Let&#8217;s talk about\u2026 Buzzwords<\/div>\n        <p class=\"lp-card-desc\">Wer redet noch normal, wenn man auch synergistisch pivoten kann?<\/p>\n        <span class=\"lp-bs\">\ud83d\udca3\ud83d\udca3 Bullshit-Faktor<\/span>\n      <\/a>\n    <\/div>\n\n\n\n  <!-- MARKETING -->\n    <p class=\"lp-section-label\">Kategorie<\/p>\n    <h2 class=\"lp-section-title\">Marketing<\/h2>\n    <div class=\"lp-cards\">\n\n      <a href=\"https:\/\/code78.de\/blog\/eeat-audit-tool\/\" class=\"lp-card\">\n        <span class=\"lp-card-tag\"><span class=\"lp-card-tag-dot\"><\/span>Analyse-Tool<\/span>\n        <div class=\"lp-card-title\">Who, How, Why &amp; E\u2011E\u2011A\u2011T<\/div>\n        <p class=\"lp-card-desc\">Pr\u00fcft eure Seite anhand von \u201eWho, How, Why&#8220; und E\u2011E\u2011A\u2011T\u2011Signalen.<\/p>\n      <\/a>\n    <\/div>\n\n    <p class=\"lp-section-label\">Kategorie<\/p>\n    <h2 class=\"lp-section-title\">K\u00fcnstliche Intelligenz<\/h2>\n    <div class=\"lp-cards\">\n\n      <a href=\"https:\/\/code78.de\/blog\/tcrei-prompt-quality-checker\/\" class=\"lp-card\">\n        <span class=\"lp-card-tag\"><span class=\"lp-card-tag-dot\"><\/span>Prompt-Check<\/span>\n        <div class=\"lp-card-title\">TCREI Framework Checker<\/div>\n        <p class=\"lp-card-desc\">Pr\u00fcft eure Prompt-Qualit\u00e4t f\u00fcr das TCREI Framework.<\/p>\n      <\/a>\n\n      <a href=\"https:\/\/code78.de\/blog\/flowchart-checkliste-ethik-fuer-ki-content\/\" class=\"lp-card\">\n        <span class=\"lp-card-tag\"><span class=\"lp-card-tag-dot\"><\/span>Flowchart<\/span>\n        <div class=\"lp-card-title\">KI-Content: Ethik-Entscheidung<\/div>\n        <p class=\"lp-card-desc\">Interaktives Flowchart als Entscheidungshilfe f\u00fcr die ethische Nutzung von KI-Content.<\/p>\n      <\/a>\n\n      <a href=\"https:\/\/code78.de\/blog\/uebersicht-prompt-frameworks\/\" class=\"lp-card\">\n        <span class=\"lp-card-tag\"><span class=\"lp-card-tag-dot\"><\/span>\u00dcbersicht<\/span>\n        <div class=\"lp-card-title\">Prompting Frameworks<\/div>\n        <p class=\"lp-card-desc\">\u00dcbersicht der besten Frameworks f\u00fcr effektives Prompting.<\/p>\n      <\/a>\n    <\/div>\n\n\n\n  <!-- PSYCHOLOGIE -->    \n  <p class=\"lp-section-label\">Kategorie<\/p>\n    <h2 class=\"lp-section-title\">Psychologie<\/h2>\n    <div class=\"lp-cards\">\n      <a href=\"https:\/\/code78.de\/blog\/psychologie-im-marketing-quiz\/\" class=\"lp-card\">\n        <span class=\"lp-card-tag\"><span class=\"lp-card-tag-dot\"><\/span>Quiz<\/span>\n        <div class=\"lp-card-title\">Back to the Pr\u00fcfungssituation<\/div>\n        <p class=\"lp-card-desc\">Welche psychologischen Trigger kennt ihr? Zur\u00fcck auf die Schulbank \u2013 interaktiv.<\/p>\n      <\/a>\n    <\/div>\n\n\n\n<\/div>\n\n  <!-- ABOUT -->\n  <div class=\"lp-about\">\n    <div class=\"lp-about-inner\">\n      <span class=\"lp-about-badge\">Status &amp; Kontakt<\/span>\n      <h3 class=\"lp-about-headline\">Buy me &mdash; or cry later.<\/h3>\n      <p class=\"lp-about-text\">Ich bin gerade in Anstellung und sch\u00e4tze meine Freiheit und Freizeit au\u00dferhalb meiner Arbeitszeit. Daher biete ich meine Dienstleistungen momentan nicht an.<\/p>\n<p class=\"lp-about-text light\">Meine Marketing-Dienstleistungen sind k\u00e4uflich erwerblich \u2013 aber nicht von der Stange!Schreibt mir eure (An)Fragen ganz unkompliziert per Mail an [entfernt].<br \/>\nToll w\u00e4re es, wenn ihr mir kurz umrei\u00dfen k\u00f6nntet, worum es geht &#8211; und vergesst eure Kontaktdaten nicht!<\/p>\n<p class=\"lp-about-text\"><a href=\"https:\/\/code78.de\/blog\/ueber-mich\/\">Ich<\/a> treibe mich seit den fr\u00fchen Anf\u00e4ngen des Web 2.0 in den sozialen Netzwerken herum. Erst als Bloggerin aus Jux und Dollerei. Sp\u00e4ter, w\u00e4hrend meiner Arbeitsversklavung als Software Engineer, auch f\u00fcr Kund*en. Weil ich doch so gut mit Menschen k\u00f6nne. Und weil ich doch so kommunikativ sei.<\/p>\n<p class=\"lp-about-text\">Face it: In meinem Blut flie\u00dfen nicht Code und komplexe Algorhytmen, sondern Menschenn\u00e4he und Kommunikation.<br \/>\nUnd weil im Land der Qualifikationen und Titel nichts mehr z\u00e4hlt als die Scheine, die man sich an die Wand nageln kann, habe ich mich von der IHK zertifizieren lassen.<\/p>\n<p class=\"lp-about-text\">Social Media ist nicht nur (m)ein Beruf, sondern meine Berufung.<br \/>\nUnd weil das so ist, muss es passen: Zwischen dem Unternehmen, das meine Leistung einkaufen m\u00f6chte und mir. Die Dienstleistungen und Produkte, die ich \u00bbvermarkten\u00ab soll, m\u00fcssen auch zu mir passen. Ich muss sie f\u00fchlen und leben k\u00f6nnen \u2013 und dann k\u00f6nnen wir es gemeinsam rocken.\n<br \/>\nMit Respekt voreinander, auf Augenh\u00f6he \u2013 und vor Allem: Per du. Ich m\u00f6chte nicht gesiezt werden. Ich m\u00f6chte keine k\u00fcnstliche Distanz zwischen mir \/ meiner Arbeit und meinem Auftraggeber und seinen Produkten erzeugen.<\/p>\n      <p class=\"lp-about-text\">IHK-zertifiziert. Opinionated. Per du.<\/p>\n      <div class=\"lp-status-pill\">\n        <span class=\"lp-status-dot\"><\/span>\n        Momentan nicht verf\u00fcgbar f\u00fcr Auftr\u00e4ge\n      <\/div>\n    <\/div>\n  <\/div>\n<\/div>\n","protected":false},"excerpt":{"rendered":"<p>Willkommen auf meiner digitalen Spielwiese. Kleine Webapplikationen, Miniwebsites und digitale Experimente \u2013 mal praktisch, mal leicht verr\u00fcckt. <\/p>\n","protected":false},"author":1,"featured_media":7171,"parent":0,"menu_order":0,"comment_status":"closed","ping_status":"closed","template":"","meta":{"_acf_changed":false,"footnotes":""},"class_list":["post-7137","page","type-page","status-publish","has-post-thumbnail","hentry"],"acf":[],"_links":{"self":[{"href":"https:\/\/code78.de\/blog\/wp-json\/wp\/v2\/pages\/7137","targetHints":{"allow":["GET"]}}],"collection":[{"href":"https:\/\/code78.de\/blog\/wp-json\/wp\/v2\/pages"}],"about":[{"href":"https:\/\/code78.de\/blog\/wp-json\/wp\/v2\/types\/page"}],"author":[{"embeddable":true,"href":"https:\/\/code78.de\/blog\/wp-json\/wp\/v2\/users\/1"}],"replies":[{"embeddable":true,"href":"https:\/\/code78.de\/blog\/wp-json\/wp\/v2\/comments?post=7137"}],"version-history":[{"count":0,"href":"https:\/\/code78.de\/blog\/wp-json\/wp\/v2\/pages\/7137\/revisions"}],"wp:featuredmedia":[{"embeddable":true,"href":"https:\/\/code78.de\/blog\/wp-json\/wp\/v2\/media\/7171"}],"wp:attachment":[{"href":"https:\/\/code78.de\/blog\/wp-json\/wp\/v2\/media?parent=7137"}],"curies":[{"name":"wp","href":"https:\/\/api.w.org\/{rel}","templated":true}]}}